{"id":25513,"date":"2021-12-03T12:55:20","date_gmt":"2021-12-03T15:55:20","guid":{"rendered":"http:\/\/vicavitoria.com.br\/?post_type=product&#038;p=25513"},"modified":"2026-04-01T10:19:07","modified_gmt":"2026-04-01T13:19:07","slug":"combo-holografico-as-cronicas-de-jade-autografado","status":"publish","type":"product","link":"http:\/\/vicavitoria.com.br\/?product=combo-holografico-as-cronicas-de-jade-autografado","title":{"rendered":"Combo hologr\u00e1fico As Cr\u00f4nicas de Jade"},"content":{"rendered":"<p>*ATEN\u00c7\u00c3O, ESPECIFICAR O NOME DE QUEM RECEBER\u00c1 A DEDICAT\u00d3RIA EM NOTAS DO PEDIDO*<\/p>\n<p>Esse produto cont\u00e9m os livros Olhos de Jade e Cora\u00e7\u00e3o de Jade em vers\u00e3o hologr\u00e1fica autografados pela autora<\/p>\n<p>Classifica\u00e7\u00e3o indicativa: +12<\/p>\n<p>Sinopse: Jade ao descobrir que n\u00e3o \u00e9 uma humana como sempre acreditou ser, se isola sem, contudo, conseguir ignorar as coisas estranhas que acontecem ao seu redor. Convivendo com vampiros, lobisomens, bruxas, sereias, fadas e zumbis de uma maneira como nunca imaginou, Jade descobrir\u00e1 a sua pr\u00f3pria identidade e lutar\u00e1 por aquilo que acredita.<\/p>\n<p>Se voc\u00ea descobrisse que n\u00e3o \u00e9 sua primeira vez na terra, que caminho resolveria seguir?<\/p>\n","protected":false},"excerpt":{"rendered":"<p>*ATEN\u00c7\u00c3O, ADICIONE O NOME QUE RECEBER\u00c1 A DEDICAT\u00d3RIA NA NOTA PEDIDO*<\/p>\n<p>Livro Olhos de Jade autografado pela autora<br \/>\nLivro Cora\u00e7\u00e3o de Jade autografado pela autora<\/p>\n<p>Sinopse:<br \/>\nJade ao descobrir que n\u00e3o \u00e9 uma humana como sempre acreditou ser, se isola sem, contudo, conseguir ignorar as coisas estranhas que acontecem ao seu redor.<\/p>\n<p>Convivendo com vampiros, lobisomens, bruxas, sereias, fadas e zumbis de uma maneira como nunca imaginou, Jade descobrir\u00e1 a sua pr\u00f3pria identidade e lutar\u00e1 por aquilo que acredita.<\/p>\n<p>Se voc\u00ea descobrisse que n\u00e3o \u00e9 sua primeira vez na terra, que caminho resolveria seguir?<\/p>\n","protected":false},"featured_media":26039,"comment_status":"open","ping_status":"closed","template":"","meta":{"om_disable_all_campaigns":false,"_mi_skip_tracking":false},"product_cat":[18],"product_tag":[24,32,21,39,19,31,20],"aioseo_notices":[],"_links":{"self":[{"href":"http:\/\/vicavitoria.com.br\/index.php?rest_route=\/wp\/v2\/product\/25513"}],"collection":[{"href":"http:\/\/vicavitoria.com.br\/index.php?rest_route=\/wp\/v2\/product"}],"about":[{"href":"http:\/\/vicavitoria.com.br\/index.php?rest_route=\/wp\/v2\/types\/product"}],"replies":[{"embeddable":true,"href":"http:\/\/vicavitoria.com.br\/index.php?rest_route=%2Fwp%2Fv2%2Fcomments&post=25513"}],"wp:featuredmedia":[{"embeddable":true,"href":"http:\/\/vicavitoria.com.br\/index.php?rest_route=\/wp\/v2\/media\/26039"}],"wp:attachment":[{"href":"http:\/\/vicavitoria.com.br\/index.php?rest_route=%2Fwp%2Fv2%2Fmedia&parent=25513"}],"wp:term":[{"taxonomy":"product_cat","embeddable":true,"href":"http:\/\/vicavitoria.com.br\/index.php?rest_route=%2Fwp%2Fv2%2Fproduct_cat&post=25513"},{"taxonomy":"product_tag","embeddable":true,"href":"http:\/\/vicavitoria.com.br\/index.php?rest_route=%2Fwp%2Fv2%2Fproduct_tag&post=25513"}],"curies":[{"name":"wp","href":"https:\/\/api.w.org\/{rel}","templated":true}]}}