{"id":25812,"date":"2023-07-08T14:07:14","date_gmt":"2023-07-08T17:07:14","guid":{"rendered":"http:\/\/vicavitoria.com.br\/?post_type=product&#038;p=25812"},"modified":"2026-04-01T10:19:57","modified_gmt":"2026-04-01T13:19:57","slug":"trilogia-as-cronicas-de-jade-completa","status":"publish","type":"product","link":"http:\/\/vicavitoria.com.br\/?product=trilogia-as-cronicas-de-jade-completa","title":{"rendered":"Trilogia As Cr\u00f4nicas de Jade"},"content":{"rendered":"<p>*ATEN\u00c7\u00c3O, ESPECIFICAR O NOME DE QUEM RECEBER\u00c1 A DEDICAT\u00d3RIA EM NOTAS DO PEDIDO*<\/p>\n<p>Cont\u00e9m:<\/p>\n<p>Livros Olhos de Jade, Cora\u00e7\u00e3o de Jade e Destino de Jade autografados pela autora<\/p>\n<ul>\n<li>Colares exclusivos<\/li>\n<li>Cards de personagens<\/li>\n<li>Carta escrita por personagem<\/li>\n<li>P\u00f4ster<\/li>\n<\/ul>\n<p>Classifica\u00e7\u00e3o indicativa: +14<\/p>\n<p>Sinopse:<\/p>\n<p>Jade ao descobrir que n\u00e3o \u00e9 uma humana como sempre acreditou ser, se isola sem, contudo, conseguir ignorar as coisas estranhas que acontecem ao seu redor. Convivendo com vampiros, lobisomens, bruxas, sereias, fadas e zumbis de uma maneira como nunca imaginou, Jade descobrir\u00e1 a sua pr\u00f3pria identidade e lutar\u00e1 por aquilo que acredita.<\/p>\n<p>Se voc\u00ea descobrisse que n\u00e3o \u00e9 sua primeira vez na terra, que caminho resolveria seguir?<\/p>\n","protected":false},"excerpt":{"rendered":"<p>Livros Olhos de Jade, Cora\u00e7\u00e3o de Jade e Destino de Jade autografados pela autora<\/p>\n<p>Se voc\u00ea descobrisse que n\u00e3o \u00e9 sua primeira vez na terra, que caminho resolveria seguir?<\/p>\n","protected":false},"featured_media":26038,"comment_status":"open","ping_status":"closed","template":"","meta":{"om_disable_all_campaigns":false,"_mi_skip_tracking":false},"product_cat":[18],"product_tag":[24,32,41,21,39,19,31,20],"aioseo_notices":[],"_links":{"self":[{"href":"http:\/\/vicavitoria.com.br\/index.php?rest_route=\/wp\/v2\/product\/25812"}],"collection":[{"href":"http:\/\/vicavitoria.com.br\/index.php?rest_route=\/wp\/v2\/product"}],"about":[{"href":"http:\/\/vicavitoria.com.br\/index.php?rest_route=\/wp\/v2\/types\/product"}],"replies":[{"embeddable":true,"href":"http:\/\/vicavitoria.com.br\/index.php?rest_route=%2Fwp%2Fv2%2Fcomments&post=25812"}],"wp:featuredmedia":[{"embeddable":true,"href":"http:\/\/vicavitoria.com.br\/index.php?rest_route=\/wp\/v2\/media\/26038"}],"wp:attachment":[{"href":"http:\/\/vicavitoria.com.br\/index.php?rest_route=%2Fwp%2Fv2%2Fmedia&parent=25812"}],"wp:term":[{"taxonomy":"product_cat","embeddable":true,"href":"http:\/\/vicavitoria.com.br\/index.php?rest_route=%2Fwp%2Fv2%2Fproduct_cat&post=25812"},{"taxonomy":"product_tag","embeddable":true,"href":"http:\/\/vicavitoria.com.br\/index.php?rest_route=%2Fwp%2Fv2%2Fproduct_tag&post=25812"}],"curies":[{"name":"wp","href":"https:\/\/api.w.org\/{rel}","templated":true}]}}